
6
Let v = 7 + -1. Let w(k) = k**2 - 6*k - 1. Give w(v).
-1
Let d(v) = 5*v - 3 - 2*v + 0 + v**2 + 2. What is d(-4)?
3
Let l be 1/(-4) - 6/8. Let i(v) = -3 + 3*v**3 - v**2 - 1 + 5. What is i(l)?
-3
Let f(w) = -11 + 6 - 11*w**2 - w**3 + 4*w**2 - 7*w + 9. Determine f(-6).
10
Let d = 0 - -1. Let v(p) be the second derivative of 0*p**2 + 2/3*p**3 + 0 - 2*p. Determine v(d).
4
Let x(f) = 6*f - 6. Let l(q) = 5*q - 5. Let p(y) = 5*l(y) - 4*x(y). Let o(j) = -4*j**2 + 4*j + 1 + 3*j**2 + 1. Let r be o(4). Determine p(r).
1
Let y(x) = 10*x + 19. Let a(o) = -2*o - 4. Let m(c) = 11*a(c) + 2*y(c). Suppose -8*s - 25 = -3*s + 5*r, -4*r - 12 = 2*s. Let f be s/(-14) + (-30)/7. Give m(f).
2
Suppose 2*m - 4*m + 20 = 0. Suppose 0 = 4*z + z - m. Let h(r) = -r**2 - 2*r**2 + 6*r - z*r + 2*r**2 - 1. What is h(3)?
2
Let f(d) be the third derivative of d**5/60 + 11*d**4/24 + 11*d**3/6 + 10*d**2. Determine f(-8).
-13
Let m(g) be the third derivative of g**7/2520 + g**6/720 + g**5/40 - g**4/24 - g**2. Let j(s) be the second derivative of m(s). Determine j(0).
3
Let s(b) = 5*b**2 + 0*b**3 + 10*b**2 - b**3 + 2*b - 18*b**2 - 5. Suppose 0 = -y - y - 8. Determine s(y).
3
Let u(p) be the third derivative of p**8/6720 + p**7/504 - p**5/24 - p**4/6 + p**2. Let v(z) be the second derivative of u(z). Calculate v(-5).
-5
Let g(o) be the third derivative of -o**6/60 + o**5/60 - o**4/12 + o**3/6 + 5*o**2. Determine g(2).
-15
Let x(u) = u**3 + 5*u**2 + 6*u + 4. Suppose 4*g + 80 = -2*r, g + 3*r - 40 = 3*g. Let o = g - -31. Let p = 7 - o. Determine x(p).
-4
Let c(l) be the first derivative of 4 + 5/2*l**2 + l. Determine c(2).
11
Let n = 28 + -30. Let f(w) = -2*w**2 - 2*w. What is f(n)?
-4
Let p = -12 - -3. Let j be (3/p)/((-1)/3). Let k(l) = -1 + 7*l + j. Calculate k(1).
7
Let l(o) = 2*o - 4. Let t be l(5). Let k(u) = -u**3 + 6*u**2 - 2*u + 2. Determine k(t).
-10
Let k(g) = -g**3 - 2*g**2 - 4*g - 3. Let t = -8 - -6. Calculate k(t).
5
Let h(r) = r - 5. Suppose -q = 2*b + 15, 0*b = 3*b - 3*q. Let x(m) = -2*m + 7. Let d(t) = b*x(t) - 7*h(t). Give d(2).
6
Let k(d) be the second derivative of d**4/12 + d**3/2 - d**2 + 3*d. What is k(-5)?
8
Let d = 74 + -72. Suppose 6 + 12 = 2*u. Let f(x) = x**2 + x**d - 2 + u*x - 8*x. Determine f(2).
8
Let a(z) = z**3 - 5*z**2 + 2*z + 1. Suppose p + p = 6. Let u(b) = 2*b - 2. Let y be u(p). Calculate a(y).
-7
Let y(v) = v**2 - 8*v - 9. Let l be y(9). Let f(k) = k**3 + k**2. Give f(l).
0
Let k(r) = 2*r + 16. Let v(i) = i + 5. Let w(h) = 2*k(h) - 7*v(h). Let f(c) = 7*c + 7. Let m(y) = -2*f(y) - 5*w(y). Suppose -10 = -0*d + 5*d. What is m(d)?
-1
Let j(i) = i**2 - 2 - 3 + i - 4*i. Let g be (-1 - -4) + (-14 - 2). Let w = 18 + g. What is j(w)?
5
Let o(k) = k**2 - 15*k**3 - 1 + 598*k - 1195*k + 598*k. What is o(1)?
-14
Let l(m) be the third derivative of m**6/120 - m**5/15 - m**4/6 - m**3/3 - 25*m**2. Calculate l(5).
3
Let u(q) be the third derivative of q**4/24 + q**2. Let n = 0 + -1. Let p(y) = -y**2 - y + 1. Let v be p(n). What is u(v)?
1
Let l(p) be the first derivative of p**7/840 - p**6/120 - p**5/30 + p**4/6 - p**3 + 2. Let d(a) be the third derivative of l(a). What is d(4)?
4
Let u be 4 - (4 - -4)/2. Let m(d) = d**3 + d + 11. What is m(u)?
11
Let y(t) = 7*t**3 + 10*t**2 - 8. Let s(c) = 15*c**3 + 21*c**2 - 17. Suppose -r - 38 = -3*w - 2*r, r + 40 = 3*w. Let u(i) = w*y(i) - 6*s(i). What is u(-2)?
6
Let s be ((-7)/(-14))/((-1)/(-10)). Let r(x) = 7*x + 0 - 1 + x**2 + s + 4. What is r(-6)?
2
Let m(j) = -3*j + 13. Let v be (19 - 18)/(1/6). What is m(v)?
-5
Let x = 4 - 6. Let l(v) = -5*v**2 - v - 4. Let k(q) = -q**2 + q - 1. Let m(f) = x*k(f) + l(f). What is m(-2)?
-8
Let s(o) be the second derivative of o**4/6 + 45*o + 2. What is s(3)?
18
Let x = -3 + 2. Let l(s) be the first derivative of -2/3*s**3 + s + 0*s**2 - 1/4*s**4 - 1. Give l(x).
0
Let y(z) = -8*z**2 + 25*z - 3. Let h(c) = -3*c**2 + 9*c - 1. Let f(b) = 11*h(b) - 4*y(b). Suppose -m - 9 = 2*g, -g + m = g - 1. Calculate f(g).
-1
Let c(v) be the first derivative of 5*v**4/4 + 2*v**3/3 - v + 7. Give c(1).
6
Let f(d) = -d**3 + d**2 + d + 1. Suppose 4*m = 16, 4*m - 16 = 2*a + m. Let g be a - (-8)/(-2 + 4). Calculate f(g).
-1
Let x(m) = -m**2 - 6*m - 2. Suppose 4*c + 1 = 13. Let b = 12 + -7. Suppose -2*v + b = -c*v. What is x(v)?
3
Let j(i) be the first derivative of 2/3*i**3 - 3/2*i**2 - 3*i + 3. Give j(3).
6
Let g(k) = 2*k - 7. Let y(u) = 2*u - 6. Let f(j) = -2*g(j) + 3*y(j). Let b(v) = -v + 2. Let m(z) = -7*b(z) - 3*f(z). What is m(5)?
3
Let l(m) = m**3 + 2*m**2 - 2*m - 1. Let q be 6/(-8)*(-3 - -7). Determine l(q).
-4
Let p(m) be the first derivative of m**5/20 + m**4/4 - 5*m**3/6 - 3*m**2 + m + 1. Let o(h) be the first derivative of p(h). Determine o(-4).
-2
Let m(f) = -f**2 + f + 2. Let s be m(2). Let p(t) be the first derivative of t**2/2 + 3*t + 4. What is p(s)?
3
Let u(x) = x + 9. Suppose 3*w = -4*i - 8, -4*i - 6 = 4*w - i. Calculate u(w).
9
Suppose -8*m + m = -7. Suppose 5*c - 21 = -3*l, 0 = 2*l - 5*c + 4*c - m. Let u(i) = i**2 + 1. What is u(l)?
5
Let z(i) = -3 - 2 - 4*i + 7 - 1. Determine z(2).
-7
Let z(n) = -2 + 1 - 6*n + 4 - 2. Determine z(-1).
7
Let f(m) be the first derivative of -2*m**4 + m**3/3 + m**2/2 - m + 10. Give f(1).
-7
Let n(k) = -7*k. Suppose -v + 14 = -9. Let i = v - 24. Determine n(i).
7
Let d(x) = x**3 + x**2 + x. Let l(t) = 7*t**3 + 11*t**2 + 7*t - 2. Let z(y) = 6*d(y) - l(y). What is z(-5)?
7
Let n(u) be the second derivative of -u**4/12 + u**3/6 + u**2 + 13*u. Calculate n(0).
2
Let j(a) = a - 7*a + 7 + 7*a. Suppose -g = -2*g - 5. Determine j(g).
2
Let z(n) be the second derivative of 0 - 1/2*n**2 + 1/12*n**4 + 0*n**3 + n. Calculate z(0).
-1
Let o(j) = -7*j**3 + j**2 + 5*j - 10. Let r(h) be the first derivative of -h**4/4 + h**3/3 - h - 2. Let k(l) = o(l) - 6*r(l). What is k(-6)?
2
Let f(y) be the first derivative of -y**2/2 + 1. Suppose 2*l = 5*i + 13, -4*l = l - 5*i - 25. Suppose 4*u = b + 7, l*b = 5*u - 8 + 2. Calculate f(b).
-1
Let l be (-32)/(-18) + (-6)/(-27). Let a(i) = -i**l + 0 + 5 + 2 - 6 - 3*i. What is a(-2)?
3
Let m(j) = -j**3 + 1 + 5*j**2 - 2*j**2 - 2*j**2 + 1. Calculate m(0).
2
Let k(m) = m**2 - 5*m - 3. Let l = -114 + 117. What is k(l)?
-9
Let u(x) be the third derivative of x**6/120 + x**5/12 + x**4/12 + x**3/6 + 5*x**2. Calculate u(-2).
9
Let y(f) = f**3 + 7*f**2 + 6*f - 6. Suppose -4*n + 3*w = -0*w + 33, 3*w + 9 = -3*n. Calculate y(n).
-6
Let m(i) be the second derivative of -i + 0 - 1/2*i**2 - 1/3*i**4 + 0*i**3. Give m(-1).
-5
Let d be 8/(-3)*(-9)/6. Let u(g) = g**3 - 4*g**2. Give u(d).
0
Let u = 7 - 0. Let v(q) = 4*q - 1. Let d(h) = -9*h + 3. Let l(j) = u*v(j) + 3*d(j). Determine l(-3).
-1
Let v(t) = t**2 + 4*t - 3. Let c be v(-4). Let j be (-2)/(-3) + (-4)/c. Let g = -2 + j. Let l(s) = -s + 10. What is l(g)?
10
Suppose 0 = 4*q - 3*q + 5. Let z(o) be the third derivative of -o**4/24 - o**3 - 9*o**2. What is z(q)?
-1
Suppose f + 25 = 3*g + g, 5*f + g = -20. Let o(t) = t - 2. What is o(f)?
-7
Let r(m) = -13*m + 6. Let x(f) = 5 - 3 - 7*f + 1. Let y(l) = 3*r(l) - 5*x(l). Determine y(3).
-9
Let o(y) = -4*y + 23. Let l(s) = -s + 6. Let v(m) = 22*l(m) - 6*o(m). Give v(4).
2
Let l be 2/(-10) + (-4)/5. Let g(t) = 6*t**3 - t**2 - 5. Let z(o) = -1. Let q(w) = g(w) - 5*z(w). Give q(l).
-7
Suppose 4*o = z + 2, 0*z + 26 = 3*z + 4*o. Let x(p) = p**2 - 4*p - 7. Determine x(z).
5
Suppose 3*y = 3, z - 2*y = 2*z - 7. Let c(q) be the second derivative of q - 3/2*q**2 + 2/3*q**3 - 1/3*q**4 + 0 + 1/20*q**z. Calculate c(2).
-3
Let a(q) = -q**2 - q + 5. Let v(c) = c + 1. Suppose 1 + 3 = -4*r. Let l be v(r). Calculate a(l).
5
Let s(m) = -m**3 - m**2 - m + 1. Let v(y) = 11*y**3 + 6*y**2 + 6*y - 5. Let r(k) = 6*s(k) + v(k). What is r(1)?
6
Let z = -7 - -10. Let f(x) = -z*x - 2 + 3*x**2 + 2*x**3 + 5*x + 0*x**3 - x**3. Let d be 0 + -2 - 0/(-2). Give f(d).
-2
Let h(q) = q + 6. Let y = -9 - -2. Let r be (-82)/14 + y/49. What is h(r)?
0
Let l(g) = 2*g - 8. Let i(f) = -5*f + 24. Let r(b) = -3*i(b) - 8*l(b). Let t be r(-4). Let m(x) = -x. What is m(t)?
4
Let j(d) = -16*d**3 - 17*d**3 + 32*d**3 - 6*d**2 - 2*d - 6. Calculate j(-6).
6
Let r = -4 + 6. Let b(v) = -2*v + 2*v**2 - 2*v**2 + 1 + r*v**2 - 2*v**3. Calculate b(1).
-1
Let u(v) be the third derivative of v**4/24 - v**3/6 + 7*v**2. Calculate